Let c be (-156)/(-195) - 63/(-15). Suppose -2*o = -j - 14926, -11*j - 37337 = -c*o - 14*j. Is o a composite number?
True
Let q(d) = -16329*d - 9. Is q(-2) a composite number?
True
Let j = 267 + -266. Is (((-188)/6)/j)/((-4)/66) composite?
True
Let z(w) = -w**2 + 4*w + 2. Let s be z(2). Suppose 24 = s*n + 12. Is (0 + 3 + -5)*(-493)/n a composite number?
True
Suppose 12*r = 16*r + 5*k + 25219, -31531 = 5*r - k. Let f = r + 13589. Is f composite?
False
Let m(c) = -14*c + 215. Let k be m(15). Suppose x - 4*g = 5015, k*g = -3*x + g + 14997. Is x a prime number?
True
Let i be (135/(-30))/(0 - (-1)/2). Let g = -15 - i. Is ((-8980)/(-6))/(g/(-9)) a composite number?
True
Suppose 0 = -2*a + 3*a + 14. Is (-53662)/a*(3 + (-2)/1) a prime number?
True
Let r(f) = 4*f**2 - 3*f + 3. Let c be r(4). Let o = c - 49. Suppose -3*a + 652 = -l, l = o*l + 5. Is a a prime number?
False
Let x be (-2)/(16 + 0) + (-42)/(-336). Suppose x = -11*q + 15837 + 5492. Is q a composite number?
True
Let y(d) = 8*d**3 - 4*d**2 - 32*d + 7. Let v be (-1 - 20)*(-10)/35*1. Is y(v) prime?
True
Let s(r) = -22828*r + 78. Let z be s(-13). Is z/65 - 3/(-15) a prime number?
True
Is (-2)/(-6) + (-60466)/(-6) a prime number?
False
Let y = -28338 - -54097. Is y composite?
False
Suppose 8*m = 448374 - 23246. Is m a composite number?
True
Suppose 68*z - 24*z + 11905546 = 38445950. Is z a prime number?
True
Suppose 6*g = 17*g - 29*g + 3836142. Is g a composite number?
False
Let t = -81 + 89. Suppose -t*f + 5287 + 9089 = 0. Is f a prime number?
False
Suppose -4*q = -0*d + 3*d - 14, -d + 3 = q. Suppose -q*j + 3502 = -2058. Let v = j - 631. Is v a composite number?
True
Let l be -16 - 19/(228/(-168)). Suppose -17 = -5*d - 7, 5*d + 450 = 4*c. Let r = l + c. Is r composite?
False
Suppose 0*r = -2*r + 64. Suppose -16 + r = 4*f. Is (2/6)/(f/(-4))*-2379 prime?
False
Suppose 0 = 3*x - 151 + 31. Suppose 3*n + 7*n - x = 0. Suppose -2*f - 3*a + 870 = -1580, -n*a = f - 1235. Is f a composite number?
True
Let y(o) = 213*o**2 - 9. Let w be y(-3). Let s = 3347 - w. Is s prime?
True
Let c be (-20)/8*-116*(-12)/6. Let h = 2401 - 3460. Let s = c - h. Is s a prime number?
True
Suppose -p - 7*o = -3*o + 13, 2*p + 3*o = -6. Suppose -p*h + 4316 = c, c + 2*h - 1661 = 2654. Is c prime?
False
Let q(l) = 119*l**2 - 1. Let m be q(1). Let d be 109956/385 + 6/(-10). Let a = d + m. Is a a prime number?
False
Let v = -36076 - -1049811. Is v composite?
True
Let i(c) = 1. Let b(o) = -98*o + 25. Let k(q) = b(q) - 4*i(q). Suppose -4*y - 4*h - 33 = h, y + 3 = 4*h. Is k(y) prime?
False
Let c(o) be the second derivative of -191*o**3/3 + o + 47. Is c(-1) a prime number?
False
Let s(z) = 148*z - 55 + 301*z + 68. Is s(2) a composite number?
False
Suppose -26*q + 156 + 0 = 0. Let r be 3/6*(397 - -1). Suppose -q*u = -5*u - r. Is u a composite number?
False
Suppose 343805793 = 310*v - 432303077. Is v prime?
True
Suppose -5*z = w - 5, -4*w + 13 = -2*z - 7. Let c be (-4 - 770)/(2 - (w + -2)). Suppose 0 = -6*r + 2748 - c. Is r a prime number?
False
Let u(j) = 5*j**2 - 74*j + 13. Suppose -4*o + 37 = -4*q - 107, 3*o - 5*q = 104. Is u(o) composite?
False
Let n = 10 + 53. Let m = 1002 - n. Suppose -m = -4*i + 1385. Is i a composite number?
True
Let z(p) = 17341*p**2 + 42*p - 75. Is z(2) composite?
True
Let i(j) = 2*j**3 + 3*j**2 - 3*j - 1. Let z be i(-3). Let r = z + 23. Suppose -r*d = 15 - 3, y - 2*d - 503 = 0. Is y prime?
False
Let m be 549/15 - 3/(-15)*2. Suppose 13732 = 41*u - m*u. Is u prime?
True
Is 1/3 - (-40)/(-30) - (-28 - 107932) a composite number?
True
Let g = 178 + -176. Is (g/(-4))/(43556/(-10888) + 4) prime?
True
Let f(r) be the third derivative of 313*r**5/20 + r**4/4 - r**3/6 - 90*r**2. Is f(-2) prime?
False
Suppose -10*c + 56178 = -133292. Is c prime?
True
Let h(a) = 1832*a**2 + 57 - a**3 + 2*a**3 - 1855*a**2 - 21*a. Is h(28) a prime number?
True
Let w be 0/(-6)*(35/(-10))/7. Suppose w = -24*b + 23621 + 25603. Is b a composite number?
True
Let j = 32286 + -12775. Is j composite?
True
Let s(f) be the third derivative of -25/6*f**6 - 1/20*f**5 - 14*f**2 + 0*f**3 + 0 - 1/12*f**4 + 0*f. Is s(-1) a composite number?
False
Suppose 47*q + 53184526 = -81*q + 275825550. Is q a composite number?
False
Suppose 4 = -8*d - 36. Let m(h) = -16*h**3 - 4*h**2 + 8*h - 7. Is m(d) prime?
False
Let y be ((-18)/(-9))/((-4)/(-6)). Suppose -4*r - 3*m + 9751 = 0, 23 = y*m + 8. Suppose 13*b - r = 11*b. Is b composite?
False
Let t(s) = -3*s**2 - 30*s - 21. Let n be t(-9). Is ((-2)/n)/((-8)/207384) composite?
False
Let c = 40 + -21. Is 34314/c - (6 - 1) a composite number?
False
Let s = -276 + 654. Let l = s + -115. Let b = 640 - l. Is b a prime number?
False
Let q(t) = 6*t**2 - 15*t - 76. Let j be q(-19). Let c = j + -862. Is c a prime number?
False
Let k be 30546/15 + -6 + 12/20. Suppose -56*c = -53*c - k. Is c a prime number?
True
Let k = 2799 + -1688. Suppose 0 = 14*v - 15*v + k. Is v a prime number?
False
Suppose -1016 = 2*q + 4418. Let y = -816 - q. Is y prime?
True
Let z = 137531 - 47554. Is z composite?
False
Let i be 6/(-12) + 52/8. Suppose -i*u = -593 - 1681. Is u a composite number?
False
Is 366983*(-9)/(0 + -9) a prime number?
True
Let k(h) be the first derivative of -h**4/2 - 2*h**3/3 - 5*h**2 - 13*h + 48. Is k(-9) prime?
True
Let r(n) = -n**3 + 27*n**2 + n + 654. Is r(-37) a composite number?
True
Suppose -2*i + 3*i = 245. Let p(n) = 386*n**2 - 4*n - 6. Let t be p(-3). Let s = t - i. Is s prime?
False
Let r(d) = -d - 6. Let m be r(6). Let a be (-357)/2*(104/m)/1. Suppose 2*l + a = 9*l. Is l a composite number?
True
Let q(v) = v**3 - 2*v**2 - v + 1123. Let b be ((-30)/(-15))/((-2)/(-4)). Suppose 3*r + x + 4 = 0, 2*r - b = -r + x. Is q(r) composite?
False
Suppose -10*s + 45329 = -40361. Suppose x - 3*w - 2620 = 0, 4*x - 1876 = 5*w + s. Suppose -5*l = -x - 5580. Is l composite?
False
Let w be (17/(-34))/(2/(-12)). Let j(b) = -2*b**3 - 17*b**2 - 8*b - 3. Let z be j(-12). Suppose -210 = 3*p + 4*y - z, p + w*y = 302. Is p a prime number?
True
Let n be ((-15)/3 + 6)*0 - -35535. Let g = n - 24036. Is g a prime number?
False
Suppose -91792 = 3*g - 248089. Is g prime?
False
Let g = 523825 - 136138. Is g prime?
False
Let p = 70 - 39. Let a(n) = 8 + 57*n + 10*n - p*n + 43*n. Is a(1) prime?
False
Suppose 21*u - 3384484 = 1640417. Is u a composite number?
True
Let t = -204099 - -424318. Is t a prime number?
False
Suppose -3*y = -0*j - 4*j + 60, j = 4*y + 15. Suppose -4*r + j = -13. Is 1002/(-10)*(r + -12) prime?
False
Let g(d) = -2*d + 67. Let o(n) = 35*n - 18*n - 20*n + 135. Let l(j) = -5*g(j) + 2*o(j). Is l(27) prime?
True
Let w = 126 + -112. Suppose -2*u + 10968 = -w*u. Let h = u - -1785. Is h a composite number?
True
Suppose s - 12 = -q, 0*s = q - s - 12. Suppose 4*f - 3*f - 21 = -4*u, -3*u = -q. Suppose 5*g = 3*i + 12521, 7*i - f*i = -4. Is g prime?
True
Suppose f + 4*x = 50, -3*f - 6*x + 124 = -7*x. Suppose -7715 = -47*a + f*a. Is a prime?
True
Let n = -50625 + -2679. Let r be 2/(-7) - n/(-28). Let v = r - -2689. Is v a composite number?
True
Suppose 2*y + 3*v = -85, -y - 3*v - 23 = 18. Let i = -46 - y. Is 1*(1676 - i)*(-3)/(-6) a composite number?
False
Let l = 70091 + -50013. Is l a prime number?
False
Let a = 425 - 14. Suppose -120 + a = 3*r. Is r composite?
False
Let v(g) be the second derivative of 25*g**4/12 - 2*g**3/3 - 8*g**2 - 17*g. Let o be v(-7). Let t = o - 150. Is t a composite number?
False
Suppose 31*d + 0*d = 496. Suppose d*p - 20*p = -27908. Is p a composite number?
False
Let k = 231695 - 82776. Is k a composite number?
True
Let c = -78 + 81. Suppose c*g - 10*g = -15862. Let f = 3493 - g. Is f a prime number?
False
Let w(o) = -3*o**2 - 29*o + 11. Let g be w(-10). Let y(b) be the second derivative of 55*b**4/6 + b**3/6 + 25*b. Is y(g) a composite number?
True
Let j = -4859 + -662. Let v(k) = 56*k**2 + 18*k + 2. Let p be v(12). Let b = p + j. Is b prime?
False
Let q be (-4)/((-28)/(-35))*33. Let i = q - -604. Is i a composite number?
False
Let c(p) = 3*p + 54. Let o be c(19). Suppose -3*v = -j + o + 118, 0 = -5*j - 2*v + 1060. Suppose 210*t - j*t + 5588 = 0. Is t prime?
False
Suppose 5*o - 60*y = -56*y + 1481285, 3*o - y = 888778. Is o a composite number?
True
Let x = 18878 + 54399. Is x a prime number?
True
Let p(o) = o - 11. Let s